s divided by 850.
808
What is the remainder when 132695 is divided by 66324?
47
What is the remainder when 186 is divided by 85?
16
What is the remainder when 167676 is divided by 93?
90
What is the remainder when 554 is divided by 369?
185
What is the remainder when 144199 is divided by 11089?
42
What is the remainder when 584456 is divided by 361?
358
What is the remainder when 9268 is divided by 72?
52
What is the remainder when 3121 is divided by 223?
222
Calculate the remainder when 1754 is divided by 250.
4
What is the remainder when 435872 is divided by 1362?
32
What is the remainder when 21693 is divided by 4338?
3
Calculate the remainder when 123248 is divided by 495.
488
What is the remainder when 3315 is divided by 140?
95
Calculate the remainder when 1431 is divided by 39.
27
Calculate the remainder when 6411 is divided by 189.
174
What is the remainder when 8433 is divided by 128?
113
Calculate the remainder when 14002 is divided by 2282.
310
What is the remainder when 19705 is divided by 1515?
10
What is the remainder when 3962 is divided by 57?
29
Calculate the remainder when 35108 is divided by 596.
540
Calculate the remainder when 805 is divided by 27.
22
Calculate the remainder when 25844 is divided by 12.
8
What is the remainder when 5999 is divided by 2993?
13
What is the remainder when 6824 is divided by 73?
35
What is the remainder when 303980 is divided by 640?
620
Calculate the remainder when 543 is divided by 454.
89
Calculate the remainder when 529423 is divided by 116.
115
What is the remainder when 703651 is divided by 351822?
7
What is the remainder when 3061 is divided by 735?
121
Calculate the remainder when 4360961 is divided by 1059.
1058
Calculate the remainder when 19738 is divided by 185.
128
Calculate the remainder when 42072 is divided by 825.
822
What is the remainder when 398866 is divided by 30?
16
Calculate the remainder when 353907 is divided by 94.
91
Calculate the remainder when 21309 is divided by 192.
189
Calculate the remainder when 91111 is divided by 670.
661
What is the remainder when 674499 is divided by 51884?
7
Calculate the remainder when 314485 is divided by 221.
2
Calculate the remainder when 160 is divided by 130.
30
What is the remainder when 239717 is divided by 29964?
5
What is the remainder when 6653 is divided by 388?
57
Calculate the remainder when 69878 is divided by 140.
18
Calculate the remainder when 535186 is divided by 206.
204
Calculate the remainder when 5089 is divided by 444.
205
What is the remainder when 1202344 is divided by 222?
214
What is the remainder when 68852 is divided by 560?
532
What is the remainder when 880371 is divided by 11?
8
What is the remainder when 1368372 is divided by 375?
372
What is the remainder when 772 is divided by 9?
7
What is the remainder when 2979 is divided by 198?
9
What is the remainder when 331849 is divided by 554?
3
What is the remainder when 28690 is divided by 27?
16
Calculate the remainder when 536 is divided by 324.
212
Calculate the remainder when 19312 is divided by 10.
2
Calculate the remainder when 15262 is divided by 4561.
1579
Calculate the remainder when 403374 is divided by 90.
84
What is the remainder when 10180774 is divided by 24?
22
What is the remainder when 96824 is divided by 2616?
32
What is the remainder when 45344 is divided by 436?
0
Calculate the remainder when 5057134 is divided by 48.
46
What is the remainder when 169277 is divided by 11?
9
What is the remainder when 5145 is divided by 146?
35
What is the remainder when 234627 is divided by 54?
51
What is the remainder when 469284 is divided by 23?
15
Calculate the remainder when 854276 is divided by 678.
674
Calculate the remainder when 5859 is divided by 1390.
299
Calculate the remainder when 969302 is divided by 86.
82
Calculate the remainder when 39050 is divided by 1864.
1770
Calculate the remainder when 34544 is divided by 135.
119
Calculate the remainder when 2102 is divided by 96.
86
What is the remainder when 2269 is divided by 1111?
47
What is the remainder when 14538 is divided by 16?
10
Calculate the remainder when 6885 is divided by 1144.
21
Calculate the remainder when 5716 is divided by 638.
612
Calculate the remainder when 128963 is divided by 41.
18
Calculate the remainder when 2575061 is divided by 642.
641
What is the remainder when 44939 is divided by 118?
99
Calculate the remainder when 80236 is divided by 10.
6
What is the remainder when 197469 is divided by 26?
25
What is the remainder when 3021 is divided by 201?
6
Calculate the remainder when 8653 is divided by 1236.
1
What is the remainder when 162502 is divided by 183?
181
Calculate the remainder when 32983 is divided by 266.
265
What is the remainder when 225195 is divided by 75062?
9
What is the remainder when 10873643 is divided by 233?
232
Calculate the remainder when 9384 is divided by 28.
4
Calculate the remainder when 595056 is divided by 48.
0
Calculate the remainder when 2897 is divided by 1410.
77
What is the remainder when 4396 is divided by 3?
1
Calculate the remainder when 269580 is divided by 6.
0
What is the remainder when 824 is divided by 429?
395
Calculate the remainder when 98149 is divided by 388.
373
Calculate the remainder when 1425 is divided by 1207.
218
Calculate the remainder when 6186 is divided by 105.
96
What is the remainder when 134150 is divided by 291?
290
What is the remainder when 7592 is divided by 16?
8
Calculate the remainder when 25570 is divided by 55.
50
Calculate the remainder when 46455 is divided by 40.
15
Calculate the remainder when 1343367 is divided by 8.
7
What is the remainder when 1300 is divided by 561?
178
Calculate the remainder when 47624 is divided by 2376.
104
What is the remainder when 693837 is divided by 944?
941
What is the remainder when 324 is divided by 102?
18
Calculate the remainder when 11009 is divided by 1158.
587
Calculate the remainder when 498372 is divided by 60.
12
Calculate the remainder when 9836 is divided by 605.
156
What is the remainder when 7376 is divided by 308?
292
What is the remainder when 93216 is divided by 2589?
12
Calculate the remainder when 361129 is divided by 490.
489
Calculate the remainder when 108813 is divided by 128.
13
Calculate the remainder when 151998 is divided by 100.
98
What is the remainder when 51924 is divided by 5769?
3
What is the remainder when 10699 is divided by 2546?
515
Calculate the remainder when 1408 is divided by 87.
16
Calculate the remainder when 10239 is divided by 467.
432
Calculate the remainder when 2645 is divided by 650.
45
Calculate the remainder when 4452 is divided by 67.
30
Calculate the remainder when 3189 is divided by 1458.
273
Calculate the remainder when 19969 is divided by 4517.
1901
What is the remainder when 9390 is divided by 120?
30
Calculate the remainder when 4593 is divided by 242.
237
What is the remainder when 110522 is divided by 280?
202
Calculate the remainder when 124779 is divided by 266.
25
What is the remainder when 4768 is divided by 216?
16
What is the remainder when 26986 is divided by 8959?
109
Calculate the remainder when 346146 is divided by 1492.
2
Calculate the remainder when 18807 is divided by 1104.
39
Calculate the remainder when 7599 is divided by 133.
18
What is the remainder when 637822 is divided by 906?
904
Calculate the remainder when 64786 is divided by 21590.
16
What is the remainder when 484 is divided by 129?
97
Calculate the remainder when 21664 is divided by 10798.
68
What is the remainder when 105969 is divided by 28?
17
What is the remainder when 465 is divided by 212?
41
What is the remainder when 1861 is divided by 333?
196
What is the remainder when 12136 is divided by 225?
211
Calculate the remainder when 941959 is divided by 510.
499
Calculate the remainder when 2000384 is divided by 500093.
12
Calculate the remainder when 9985 is divided by 311.
33
Calculate the remainder when 65601 is divided by 501.
471
Calculate the remainder when 151123 is divided by 75555.
13
What is the remainder when 151757 is divided by 79?
77
What is the remainder when 43818 is divided by 11?
5
What is the remainder when 10625 is divided by 12?
5
What is the remainder when 73938 is divided by 21?
18
Calculate the rem